er when v is divided by f?
10
Let o(s) = 9*s - 14. What is the remainder when 42 is divided by o(4)?
20
Let i(q) = -3*q + 11. What is the remainder when i(-6) is divided by 10?
9
Let q(a) = -3*a + 1. Let l(z) = -3*z**3 - 3*z - 3. Let m be l(-2). Suppose m - 6 = 3*c. Calculate the remainder when q(-6) is divided by c.
5
Suppose -4*w - 3*z + 116 = 8, 0 = 3*z. What is the remainder when w is divided by 16?
11
Calculate the remainder when ((-50)/(-6))/((-1)/(-3)) is divided by (14/(-5))/((-1)/5).
11
Suppose -2*y - 14 = -4*y. Calculate the remainder when 38 is divided by y.
3
Let c = -3 - -3. Suppose c = 5*w - 143 - 52. Calculate the remainder when w is divided by 14.
11
Suppose -4*n = -2*f + 16, -2*n - 5 = 5. Let h = -5 - -11. Let z = h + f. What is the remainder when 6 is divided by z?
2
Let c(o) = -2*o**2 - 47*o + 29. Calculate the remainder when c(-24) is divided by 4.
1
Suppose -38 = -2*g + 3*u, -g + 19 = -0*g - 3*u. Let o = 4 - -7. Calculate the remainder when g is divided by o.
8
Suppose -a - 5 = 6. Let g(r) = r**2 + 6*r + 3. Let c be g(-9). Let h = a + c. What is the remainder when h is divided by 10?
9
Suppose 2*x = 5*x - 6. Let j(w) = 15*w. Calculate the remainder when j(x) is divided by 8.
6
What is the remainder when 2 + (-6)/(-2) + 57 is divided by 21?
20
Let q = 17 + -23. Let o(d) = -d. Let w(x) = -2*x + 4. Let g(b) = -o(b) + w(b). Calculate the remainder when 18 is divided by g(q).
8
Let x(l) = -15*l + 95. Calculate the remainder when x(-6) is divided by 6.
5
Let r = -156 - -218. Let f = r + -18. Let z(a) = 2*a**2 + a. Calculate the remainder when f is divided by z(-3).
14
What is the remainder when (16/6)/((-8)/(-12)) is divided by 6/(-4)*(-12)/9?
0
Calculate the remainder when 34 is divided by 3*3*(18 - 17).
7
Let g(k) = 64*k. Let z(h) = h**3 + 3*h**2 + h - 1. Let n be z(-2). Calculate the remainder when g(n) is divided by 22.
20
Let d = -4 - -17. Calculate the remainder when 51 is divided by d.
12
Suppose 3*u - 19 - 38 = 0. What is the remainder when u is divided by 11?
8
Calculate the remainder when 86 is divided by 175/10 + (-1)/(-2).
14
Suppose -j - 5 + 21 = 0. What is the remainder when 63 is divided by j?
15
Let i = 58 - 9. What is the remainder when i is divided by 13?
10
Let m(k) = -k**3 - 4*k**2 + 4*k - 2. Calculate the remainder when 7 is divided by m(-5).
1
Suppose 0 = 5*i - 25, 0*i + i - 7 = -2*z. Let j = z + 17. Let b = j + 29. What is the remainder when b is divided by 16?
15
Suppose 0 = -4*b + 3*b + 5*n + 5, -4*b + 120 = 5*n. What is the remainder when b is divided by (26/(-4))/((-2)/4)?
12
Suppose d - 10 = -d - 3*t, 0 = -t. Suppose -35 = -4*a + d. Calculate the remainder when a is divided by 6.
4
Suppose -50 = p - 127. Suppose 3*z - 2*c = p, -3*c + 0 = -z + 21. Calculate the remainder when z is divided by 15.
12
Let b(s) = -6*s - 3. Suppose v + 4 = -0. What is the remainder when b(-5) is divided by 4*((-10)/v + 1)?
13
Let p = -15 - -27. Suppose -3*f + 7*f = 4*g - p, -4*g + f + 21 = 0. Calculate the remainder when 23 is divided by g.
5
Let m(y) be the second derivative of 2*y**4/3 - y**3/2 - y**2 + 2*y. Let l be m(-2). Suppose l = 3*i + 6. What is the remainder when 18 is divided by i?
8
Suppose -6*o + 12 = -3*o. Let f(s) = 4*s. Calculate the remainder when f(o) is divided by 6.
4
Let r(t) = t**3 + 6*t**2 + 4. Let s be r(-6). Let p be (-93)/33 - s/22. Calculate the remainder when 7 is divided by 6/(-4)*10/p.
2
Let d be (-1)/3 + (-3)/(-9). Suppose 12 = 4*u, 5*q - 4*u + 55 - 153 = d. What is the remainder when (q/5)/((-4)/(-20)) is divided by 12?
10
Let s(u) = u + 3. Let k be s(4). Suppose -2*h + 25 = k. Suppose 3*r + 0 = 12. What is the remainder when h is divided by r?
1
Let m = -32 + 61. Calculate the remainder when 85 is divided by m.
27
Suppose -5*r - 5*y + 16 = -4*r, 0 = -4*r - 2*y + 82. Let h(j) = 3*j**2 - j + 1. Calculate the remainder when r is divided by h(2).
10
Suppose -o = -10 + 46. Let x be (-4)/18 + (-152)/o. Calculate the remainder when 16 is divided by (-249)/(-27) + x/(-18).
7
Let v(q) = 5*q - 5. Let a = 3 - 10. Calculate the remainder when v(6) is divided by a*(2 - 3 - 0).
4
Suppose k - 96 = -3*a + 50, -5*k + 260 = 5*a. Suppose 4*m = -2*g + 56, 5*g + a = m + 220. Let h = -24 + g. What is the remainder when 29 is divided by h?
9
Let j(n) = -10*n + 14. Let k(s) = -7*s + 9. Let l(g) = 5*j(g) - 7*k(g). What is the remainder when 5 is divided by l(4)?
2
Suppose 0 = 4*d - 12, 5*g = g + 2*d + 2. What is the remainder when 23 is divided by g/(-2 - (-56)/26)?
10
Let f = -9 - -14. Suppose f*q - 6 - 9 = 0, -14 = -5*n + 2*q. Calculate the remainder when n is divided by 2 - -2 - (2 - 1).
1
Suppose 0*g = 5*g - 45. What is the remainder when 24 is divided by g?
6
Let l be 98/21 + (-4)/6. Calculate the remainder when 12 is divided by l/(-2)*(-14)/4.
5
Suppose 4*o - m - 47 = 0, 0 = -3*o - 2*o - 2*m + 49. Calculate the remainder when o is divided by 68/10 - 13/(-65).
4
Suppose 1 - 4 = -w. Suppose -4*v + 124 = -2*b, b = 4*v + w*b - 140. What is the remainder when v is divided by 12?
9
Let c = 13 - 13. Suppose 4*u = 16 + 116. What is the remainder when u is divided by (12/(-20) + c)*-20?
9
Suppose -l + 5*l = 424. Calculate the remainder when l is divided by 9.
7
Suppose 4*v + 21 = 49. Calculate the remainder when 16 is divided by (v/(-4))/(20/(-80)).
2
Suppose -5*n = 5*r - 310, -127 = -2*r + 4*n - 9*n. Let k(b) = b**2 - 8*b - 16. Calculate the remainder when r is divided by k(12).
29
Let n be (3 - 0) + 5 + -6. Let y(g) = 4*g + 1 - 5*g - 4 + 3*g + 5*g**n. Calculate the remainder when y(2) is divided by 11.
10
Suppose 0*i = -5*i - 10. Let c = -15 + 11. Let v = i - c. What is the remainder when v is divided by 1?
0
What is the remainder when 16 is divided by (-8 + -4 + 2)/(-2)?
1
Let b(i) = 2*i + 45. Calculate the remainder when 45 is divided by b(-11).
22
Suppose -3*t + 0 + 6 = 0. Let l = t - 1. What is the remainder when ((-4)/(-5))/((-6)/(-15)) is divided by l?
0
Let j(m) = m**3 - 8*m**2 + 7*m + 6. Let v(w) = -w**2 + 6*w + 10. What is the remainder when j(7) is divided by v(7)?
0
Let w(j) = j + 1. What is the remainder when 202/7 - 8/(-56) is divided by w(7)?
5
Calculate the remainder when 4 is divided by 0*(-4)/(-12) + 4.
0
Let l(d) = -d**3 + 10*d**2 - 5*d - 18. What is the remainder when l(9) is divided by 10?
8
Suppose 4*x - x - 11 = -w, 2*x = -3*w + 12. Calculate the remainder when x is divided by 3.
0
Let d = 154 + -140. What is the remainder when d is divided by 1?
0
Let t(h) = -h**2 - 15*h - 9. Calculate the remainder when t(-14) is divided by 4.
1
Calculate the remainder when -4 + 10/5 + 13 is divided by 4.
3
Suppose -3*u = 3*n - 48, 3*n + 5*u - 17 - 33 = 0. Calculate the remainder when 44 is divided by n.
14
Suppose -6*y = -5*y - 16. Let g(n) = -5*n**3 - 4*n**2 - 4*n - 2. Let z = -3 - -1. Calculate the remainder when g(z) is divided by y.
14
Let o(m) = 2*m - 4. Let q be o(-7). Let w(l) = -l**3 - 4*l**2 - 2*l - 1. Calculate the remainder when w(-5) is divided by (-220)/q + (-2)/9.
10
Let z(d) = -16*d**3 - 1. What is the remainder when z(-1) is divided by 4?
3
Suppose 3*j - 1 = 11. Suppose -d - j*c + 27 = -0*d, 5*d + c - 59 = 0. Suppose -4*i = -140 + 12. What is the remainder when i is divided by d?
10
Suppose 4 = -4*r + 36. Suppose 0 = 2*x - 6*x + 148. Calculate the remainder when x is divided by r.
5
Let d = 93 + -76. Calculate the remainder when d is divided by 6.
5
Let x = 17 + -40. Let d = x - -45. Calculate the remainder when 42 is divided by d.
20
Suppose -6*u - 12 = -10*u. Calculate the remainder when 5 + 8/(-4) + u is divided by 2.
0
Calculate the remainder when (0 - -7) + (6 - 4) is divided by 3.
0
Suppose 0 = 2*v + 2*p + 3 - 5, 3*v - 3*p + 3 = 0. Let z(k) = -k**2 + k + 29. What is the remainder when z(v) is divided by 10?
9
Let m(t) = -t**2 + 8*t + 9. Let k be (-1)/(-1*(-2)/(-112)). Suppose 0 = 2*b - 2*l - k, 2*b - 78 = -b + l. What is the remainder when b is divided by m(8)?
7
Let z(d) = 2*d - 14. Suppose 2*y = 4*n - 3 - 1, 2*y - 5 = n. Let i = n - -8. Calculate the remainder when 29 is divided by z(i).
5
Let g(c) = -2*c - 3 + 2*c + 3*c. What is the remainder when 3*6/(-9) - (6 + -25) is divided by g(3)?
5
Let m(l) = 2*l**3 - 3*l**2 + 2*l - 3. Let f be m(2). Suppose -2*a = -3*x - 5*a + 111, -5*a 